digit of 228314?
4
What is the hundreds digit of 6083253?
2
What is the hundreds digit of 6490318?
3
What is the thousands digit of 926790?
6
What is the thousands digit of 3844823?
4
What is the ten thousands digit of 4655338?
5
What is the thousands digit of 5461318?
1
What is the ten thousands digit of 1235015?
3
What is the tens digit of 5329493?
9
What is the tens digit of 257323?
2
What is the tens digit of 813995?
9
What is the hundreds digit of 6054600?
6
What is the hundred thousands digit of 103349?
1
What is the thousands digit of 343746?
3
What is the millions digit of 1086025?
1
What is the ten millions digit of 13663169?
1
What is the thousands digit of 289303?
9
What is the ten thousands digit of 802608?
0
What is the ten thousands digit of 116459?
1
What is the ten millions digit of 18784481?
1
What is the thousands digit of 254635?
4
What is the hundred thousands digit of 216634?
2
What is the millions digit of 1156807?
1
What is the hundred thousands digit of 2566092?
5
What is the units digit of 1028464?
4
What is the tens digit of 5580864?
6
What is the hundred thousands digit of 472783?
4
What is the thousands digit of 795570?
5
What is the units digit of 2287847?
7
What is the ten thousands digit of 25631672?
3
What is the tens digit of 4414921?
2
What is the thousands digit of 6986684?
6
What is the hundred thousands digit of 2037212?
0
What is the millions digit of 4575113?
4
What is the tens digit of 334834?
3
What is the hundred thousands digit of 3552833?
5
What is the hundred thousands digit of 968000?
9
What is the hundred thousands digit of 13747950?
7
What is the ten thousands digit of 689628?
8
What is the tens digit of 19073507?
0
What is the hundreds digit of 5397127?
1
What is the hundred thousands digit of 182696?
1
What is the hundred thousands digit of 2011540?
0
What is the ten thousands digit of 1315819?
1
What is the tens digit of 10226556?
5
What is the tens digit of 1212531?
3
What is the ten thousands digit of 561038?
6
What is the thousands digit of 147964?
7
What is the hundred thousands digit of 172871?
1
What is the thousands digit of 750655?
0
What is the hundreds digit of 3201688?
6
What is the ten thousands digit of 1839942?
3
What is the tens digit of 5275708?
0
What is the tens digit of 14796971?
7
What is the millions digit of 1326061?
1
What is the thousands digit of 16057136?
7
What is the hundred thousands digit of 160590?
1
What is the units digit of 816630?
0
What is the units digit of 230793?
3
What is the hundreds digit of 1990681?
6
What is the ten millions digit of 14188563?
1
What is the ten thousands digit of 6359848?
5
What is the hundreds digit of 776626?
6
What is the thousands digit of 330602?
0
What is the ten thousands digit of 30005?
3
What is the ten thousands digit of 211233?
1
What is the tens digit of 966852?
5
What is the units digit of 255106?
6
What is the units digit of 236863?
3
What is the hundred thousands digit of 6028819?
0
What is the tens digit of 598503?
0
What is the hundred thousands digit of 3183310?
1
What is the hundred thousands digit of 331108?
3
What is the tens digit of 1231703?
0
What is the tens digit of 563356?
5
What is the units digit of 18752319?
9
What is the thousands digit of 1360330?
0
What is the hundred thousands digit of 6572199?
5
What is the ten thousands digit of 3572223?
7
What is the tens digit of 8587284?
8
What is the thousands digit of 65464?
5
What is the ten millions digit of 15622653?
1
What is the hundreds digit of 9260348?
3
What is the hundred thousands digit of 9550393?
5
What is the hundreds digit of 1068466?
4
What is the hundred thousands digit of 149450?
1
What is the hundreds digit of 1669064?
0
What is the millions digit of 1287660?
1
What is the millions digit of 4114511?
4
What is the ten thousands digit of 490026?
9
What is the hundreds digit of 2945788?
7
What is the hundreds digit of 425053?
0
What is the units digit of 1878045?
5
What is the millions digit of 31860217?
1
What is the hundreds digit of 282647?
6
What is the units digit of 7521781?
1
What is the ten thousands digit of 266063?
6
What is the thousands digit of 6691424?
1
What is the hundreds digit of 400763?
7
What is the units digit of 743817?
7
What is the hundreds digit of 457438?
4
What is the hundreds digit of 3138346?
3
What is the hundreds digit of 5210099?
0
What is the hundreds digit of 2523942?
9
What is the millions digit of 1644775?
1
What is the ten thousands digit of 9621051?
2
What is the millions digit of 1722824?
1
What is the ten thousands digit of 5254314?
5
What is the hundreds digit of 164297?
2
What is the hundreds digit of 87503?
5
What is the hundreds digit of 3007677?
6
What is the hundreds digit of 1713010?
0
What is the thousands digit of 142573?
2
What is the ten thousands digit of 1479150?
7
What is the units digit of 1215604?
4
What is the hundreds digit of 432791?
7
What is the ten thousands digit of 9638752?
3
What is the units digit of 501643?
3
What is the hundreds digit of 7873079?
0
What is the units digit of 20219?
9
What is the tens digit of 28914581?
8
What is the tens digit of 64553?
5
What is the thousands digit of 28798?
8
What is the thousands digit of 402982?
2
What is the tens digit of 9039683?
8
What is the hundred thousands digit of 2720214?
7
What is the tens digit of 908659?
5
What is the thousands digit of 2764978?
4
What is the hundred thousands digit of 584762?
5
What is the units digit of 392481?
1
What is the millions digit of 6678762?
6
What is the ten thousands digit of 10691239?
9
What is the thousands digit of 5646402?
6
What is the tens digit of 68342?
4
What is the tens digit of 119502?
0
What is the millions digit of 7218708?
7
What is the ten thousands digit of 11783574?
8
What is the hundreds digit of 373119?
1
What is the hundred thousands digit of 535743?
5
What is the tens digit of 199476?
7
What is the hundreds digit of 1020024?
0
What is the tens digit of 6772663?
6
What is the millions digit of 9173891?
9
What is the thousands digit of 24473?
4
What is the ten thousands digit of 778553?
7
What is the hundreds digit of 212062?
0
What is the hundred thousands digit of 8730528?
7
What is the hundreds digit of 1132068?
0
What is the hundred thousands digit of 200076?
2
What is the thousands digit of 81518?
1
What is the units digit of 10130803?
3
What is the hundred thousands digit of 8279685?
2
What is the ten thousands digit of 2479675?
7
What is the thousands digit of 1291613?
1
What is the units digit of 1142006?
6
What is the ten thousands digit of 11947?
1
What is the hundreds digit of 458470?
4
What is the hundred thousands digit of 5172319?
1
What is the hundreds digit of 10437697?
6
What is the hundred thousands digit of 566943?
5
What is the thousands digit of 116072?
6
What is the thousands digit of 1779353?
9
What is the hundreds digit of 2969395?
3
What is the tens digit of 7445500?
0
What is the units digit of 12363?
3
What is the tens digit of 4693488?
8
What is the hundred thousands digit of 8259678?
2
What is the thousands digit of 260510?
0
What is the hundreds digit of 5315889?
8
What is the tens digit of 1781081?
8
What is the millions digit of 1257459?
1
What is the hundreds digit of 437853?
8
What is the millions digit of 5275975?
5
What is the tens digit of 17156975?
7
What is the millions digit of 2557747?
2
What is the ten thousands digit of 593629?
9
What is the units digit of 5227066?
6
What is the units digit of 4673667?
7
What is the units digit of 42714?
4
What is the ten millions digit of 14302086?
1
What is the ten thousands digit of 2539554?
3
What is the units digit of 178667?
7
What is the tens digit of 583964?
6
What is the thousands digit of 545635?
5
What is the millions digit of 4434966?
4
What is the hundreds digit of 360117?
1
What is the hundreds digit of 68404?
4
What is the hundred thousands digit of 313809?
3
What is the units digit of 30456247?
7
What is the millions digit of 4277720?
4
What is the tens digit of 1467882?
8
What is the hundreds digit of 709456?
4
What is the units digit of 133695?
5
What is the units digit of 260034?
4
What is the ten thousands digit of 14730294?
3
What is the tens digit of 1336950?
5
What is the tens